t i = 924 + 727. List the prime factors of i.
13, 127
Suppose 5*h = -h + 30. Suppose h*p = 520 - 65. Suppose -z - 63 = -3*z - s, -3*z + p = -2*s. What are the prime factors of z?
31
Let x = 926 + -926. Let r = -4 + 8. Suppose -r*k + 104 = -x*k. What are the prime factors of k?
2, 13
Suppose 3*v + 3*a - 18 = 0, 3*v + 0*v - 4*a - 4 = 0. Suppose v*o + 6*c - c = 245, -3*c = o - 63. Suppose 2*f - o = -2*f. List the prime factors of f.
3, 5
Let j(l) = 160*l**2 + 12*l + 28. What are the prime factors of j(-3)?
2, 179
Let o(i) = -i**2 - 3*i - 6. Let g be o(-4). Let z = -15 - -11. Let p = z - g. What are the prime factors of p?
2, 3
List the prime factors of 4/(-22) + (-155135)/(-253).
613
Suppose -534 = -3*z + 4*x - 7*x, 2*x = -z + 174. Suppose 5*l - 138 - z = 0. List the prime factors of l.
2
Suppose 0 = -8*s - 5 + 5. Suppose 3*j + 5*r - 152 = 0, -2*j = r - s*r - 106. What are the prime factors of j?
2, 3
Let z = -5 + 5. Suppose l + 2 - 6 = -h, 2*l - 5 = -5*h. Suppose 2*i + 8 = z, -244 = -l*k + k + 4*i. What are the prime factors of k?
3, 19
Suppose -3*i + 375 = -453. Suppose -p = 3*n - i, 4*p - 3*p = -4*n + 369. List the prime factors of n.
3, 31
Suppose 0 = 4*g - 4*i - 504, 2*g = 7*g + 4*i - 639. What are the prime factors of g?
127
Let a = -21 - -21. Suppose a*d + 18 = -3*d + 2*g, d + g + 1 = 0. List the prime factors of 2 + (-4)/(d/23).
5
Let d = 335 + 1168. List the prime factors of d.
3, 167
Let a(p) = -24*p**2 + 7*p - 12. Let j(x) = -48*x**2 + 15*x - 25. Let h(k) = -5*a(k) + 2*j(k). What are the prime factors of h(3)?
211
Suppose -38*f - 668 = -36*f. Let a = -152 - f. What are the prime factors of a?
2, 7, 13
Suppose 5*u - 2*k = 2*k + 7353, -1458 = -u + 5*k. What are the prime factors of u?
3, 491
Let a(l) = 15*l**2 + 8*l - 89. What are the prime factors of a(-12)?
5, 79
Let d(m) = -17*m**2 + m - 6. Let f be d(-4). Let u = f + 514. List the prime factors of u.
2, 29
Let i(g) = 5*g**3 - g**2 + 2*g - 1. Let q be i(1). Suppose q*x + 28 + 147 = 5*a, 5*a - 135 = -5*x. List the prime factors of a.
31
Let a = 127 + -105. Suppose 0 = 17*c - a*c + 135. List the prime factors of c.
3
Let c(u) = -u**2 - 9*u - 5. Let s be c(-7). Let t = s - 5. Suppose -210 = -t*w + 14. What are the prime factors of w?
2, 7
Suppose -29843 = 94*p - 133431. List the prime factors of p.
2, 19, 29
Let m = 62 - 7. Let i = m + 32. List the prime factors of i.
3, 29
Suppose v = -b + 4, -4*b + 40 = v - 5*v. Suppose -b + 31 = 3*z - 5*l, -12 = -3*z + l. Suppose i - 47 = z. List the prime factors of i.
2, 5
Suppose -5*y = 3*z - 1603, -54 = y - 4*z - 370. What are the prime factors of y?
2, 5
Let d(u) = 2*u - 4. Let a be d(7). Suppose -4*p + 191 = 5*j - a*j, j - 41 = -p. Let i = p - 26. What are the prime factors of i?
2, 3
Let q = 7 - 3. What are the prime factors of q/(-3) + 561/9?
61
Let t(u) = u + 227. List the prime factors of t(19).
2, 3, 41
Let p = 44 + -42. Suppose -3*f + p*f = g - 11, 5*g - 63 = -f. What are the prime factors of g?
13
Let q(b) = -5*b + 3. Suppose -2*o + 4 = 20. Let y be q(o). Suppose -2*r + y = 5*a, 13 = 4*a + r - 19. What are the prime factors of a?
7
Suppose 360 = 4*b - 2*f, 0*b + 3*b - 270 = -f. Suppose 3*t = a + b, -30 = -t + 7*a - 3*a. List the prime factors of t.
2, 3, 5
Suppose 2*h + 402 = 6*v - 4*v, -5*h + 603 = 3*v. What are the prime factors of v?
3, 67
What are the prime factors of 7932/14 - 152/266?
2, 283
Let j = -24 - -49. Suppose -5 = -2*f + 4*b + 5, -j = -5*f + b. Suppose 0 = 2*c + 2*c + 3*w - 86, -3*c + 79 = -f*w. List the prime factors of c.
23
Let i(x) = -x. Let s be i(-3). Let j = -297 + 513. Suppose -4*r - 4*d = -d - j, 0 = -s*d. List the prime factors of r.
2, 3
Let m(u) = -u**3 - 3*u**2 + 5*u. Let h be m(-4). Let t be 14 - (-1 - 8/h). Suppose -t = -x + 15. What are the prime factors of x?
2, 7
Let r = 506 + 386. What are the prime factors of r?
2, 223
Let d = 11 + -119. List the prime factors of (3*8/(-36))/(1/d).
2, 3
Let l be (-2 - -2) + 2 + 853. Suppose l = 5*t + 3*y, 2*t + 2*t - 2*y = 662. List the prime factors of t.
2, 3, 7
Suppose -23*z = -68*z + 94725. What are the prime factors of z?
5, 421
Suppose 21*q + 10*q - 16895 = 0. What are the prime factors of q?
5, 109
Suppose 0 = 3*g + 4 - 133. Let y = g + -15. What are the prime factors of y?
2, 7
What are the prime factors of ((-698060)/(-501))/((-1)/(-3))?
2, 5, 11, 19
Let u(l) = -230*l + 41. List the prime factors of u(-2).
3, 167
Suppose -4*k + f = -0*f - 23, 3*k = f + 18. Suppose 2*s - x - x = 510, k*x = -4*s + 1065. List the prime factors of s/15*6/4.
2, 13
Let i be ((-14)/(-21))/(1/6). Suppose 0 = -4*k - n + 12, i*k - 5*n - 12 = -0. Suppose -k*o = -0*o - 39. List the prime factors of o.
13
List the prime factors of 41871/85 + 6/(-10).
2, 3, 41
Let l be 2/6 - (-2)/(-6) - -32. Suppose -o + 5*a - 18 = -0*o, -o - 5*a + l = 0. What are the prime factors of o?
7
Let p(t) = 8 + 2 - 2*t**2 - 35*t + 50*t + 3*t**2. List the prime factors of p(-17).
2, 11
List the prime factors of (-40 - -132)/(0 - 2/(-4)).
2, 23
Suppose -13*q = -q - 2508. What are the prime factors of q?
11, 19
Let k = 112 - 34. Suppose 2*u + 0*u - k = 0. Suppose u = 5*c - 66. List the prime factors of c.
3, 7
Let l(o) = 56*o + 27. Let i be l(16). Suppose 14*u = i + 757. List the prime factors of u.
2, 3, 5
Suppose x = -x - 3*r + 13, 3*r + 7 = 2*x. Let w(k) = -k**3 + 6*k**2 + 4*k - 2. What are the prime factors of w(x)?
43
Let c(l) = -69*l**3 + 3*l**2 + l. List the prime factors of c(-1).
71
Let t(r) = -3*r - 18. Let w(u) = -u + 1. Let a(i) = t(i) + 2*w(i). What are the prime factors of a(-4)?
2
Let k be 3/(((-12)/(-8))/3). Let q(w) = w**2 + 5*w - 7. List the prime factors of q(k).
59
Let w(p) = p**2 + 9*p + 13. Let c be w(-8). What are the prime factors of -9 + c - 41/(-1)?
37
Suppose 5*b - 2405 = -5*g - 0*b, 2 = b. List the prime factors of g.
479
Let s = 20 - 21. Let q(o) = 2*o**2 - 12*o + 2. Let b(u) = u**2 + u. Let n(w) = s*q(w) + b(w). What are the prime factors of n(11)?
2, 5
Let o = -366 + 736. What are the prime factors of o?
2, 5, 37
Let b(a) = 1 - 2*a - 3*a + 4*a + 2*a. Let x be b(5). Let y(r) = 4*r - 1. What are the prime factors of y(x)?
23
Suppose 4*a + a = h + 30, -24 = -4*a + 5*h. Let g = a + 41. Let p = -26 + g. What are the prime factors of p?
3, 7
Let b(a) = 4*a + 3. Let i be (-2 + 4)/(-6)*-6. Suppose 3*v = 4*c - 27, -c - 1 = -i*c - 5*v. List the prime factors of b(c).
3
Let f = 1927 - 869. List the prime factors of f.
2, 23
Suppose 4*c + 0*c - 5*v = 2488, -c + 607 = -5*v. List the prime factors of c.
3, 11, 19
Let j be (-607)/(-4) - 4/(-16). Suppose j - 5 = 7*o. List the prime factors of o.
3, 7
Suppose 22*n - 239 - 69 = 0. What are the prime factors of n?
2, 7
Suppose 19*p = 15*p + 256. Let i = p - -1. List the prime factors of i.
5, 13
Suppose 616 = -5*d - 9*d. Let o = 162 + -76. Let w = d + o. What are the prime factors of w?
2, 3, 7
Suppose -a - 13 = -r + 2*a, 2*r = 2*a + 22. What are the prime factors of 1*520/(-4)*(-16)/r?
2, 13
Let x = 1670 + -901. What are the prime factors of x?
769
Let y = -78 + -30. Let h be 9/(0 - -3) + 5. What are the prime factors of 4/(-3)*y/h?
2, 3
Let k(l) = -3*l - 5. Let i be k(-2). Let v(j) = -5*j + 1 + 30*j + 5*j. What are the prime factors of v(i)?
31
Let v(x) = -2*x**3 - x**2 - x. Let n be v(-1). Let q = 33 - 15. Let p = n + q. List the prime factors of p.
2, 5
Suppose p - 3*y = 5, 3*p + y + 20 = 7*p. Suppose -4*a - 46 = -p*w, -w + 4*w = -6. Let b = -9 - a. What are the prime factors of b?
5
Let w(d) = -6*d. Let s be w(-1). Suppose -c = -s*c - 220. What are the prime factors of (-1)/(2/c) + 2?
2, 3
Suppose 16*t = -13*t + 67338. List the prime factors of t.
2, 3, 43
What are the prime factors of 45/((-227)/46 - -5)?
2, 3, 5, 23
Let c be 3 - (2 + -5) - 0. Suppose 5*k = w + 76, c*w + 168 = 3*w - 5*k. Let m = -36 - w. What are the prime factors of m?
5
Suppose -5*b - 2*o = -0*o - 3487, 0 = 4*b + o - 2792. List the prime factors of b.
3, 233
Suppose 5*d + p = 4371, -3*d + 8*p + 2620 = 6*p. List the prime factors of d.
2, 19, 23
Let d(r) = 13*r**2 + 8. Let y be d(-3). Suppose -y + 705 = 4*j. List the prime factors of j.
5, 29
Suppose 261*z = 248*z + 30576. List the prime factors of z.
2, 3, 7
Let q(s) = s**2 - 7*s + 4. Let v be q(7). Suppose 4*k + v*k - 744 = 0.